 22.
12
What is the remainder when 1483893 is divided by 24?
21
Calculate the remainder when 125278 is divided by 36.
34
What is the remainder when 208069 is divided by 104016?
37
Calculate the remainder when 84034 is divided by 596.
594
What is the remainder when 54101 is divided by 984?
965
Calculate the remainder when 93740 is divided by 72.
68
Calculate the remainder when 76791 is divided by 863.
847
Calculate the remainder when 41464 is divided by 307.
19
Calculate the remainder when 21999 is divided by 16.
15
Calculate the remainder when 442290 is divided by 40206.
24
What is the remainder when 16183 is divided by 136?
135
Calculate the remainder when 18286 is divided by 560.
366
Calculate the remainder when 16698 is divided by 16690.
8
What is the remainder when 3106 is divided by 3094?
12
Calculate the remainder when 81622 is divided by 19.
17
Calculate the remainder when 1744 is divided by 814.
116
What is the remainder when 20213 is divided by 10102?
9
Calculate the remainder when 1794 is divided by 151.
133
What is the remainder when 3285 is divided by 184?
157
Calculate the remainder when 1268682 is divided by 317168.
10
What is the remainder when 180142 is divided by 90068?
6
What is the remainder when 42812 is divided by 10660?
172
What is the remainder when 147190 is divided by 29431?
35
What is the remainder when 6173 is divided by 28?
13
Calculate the remainder when 66414 is divided by 910.
894
What is the remainder when 6816 is divided by 262?
4
Calculate the remainder when 1914 is divided by 418.
242
Calculate the remainder when 1713 is divided by 23.
11
What is the remainder when 7910 is divided by 1814?
654
What is the remainder when 17720 is divided by 378?
332
Calculate the remainder when 1514 is divided by 75.
14
What is the remainder when 80114 is divided by 26586?
356
What is the remainder when 24677 is divided by 40?
37
Calculate the remainder when 1405617 is divided by 285.
282
What is the remainder when 7701 is divided by 2567?
0
Calculate the remainder when 2914 is divided by 7.
2
What is the remainder when 44693 is divided by 770?
33
Calculate the remainder when 819346 is divided by 17.
14
Calculate the remainder when 386642 is divided by 95.
87
What is the remainder when 2364 is divided by 752?
108
What is the remainder when 180926 is divided by 299?
31
Calculate the remainder when 100862 is divided by 467.
457
What is the remainder when 129265 is divided by 53?
51
What is the remainder when 211066 is divided by 12?
10
Calculate the remainder when 4448 is divided by 1063.
196
Calculate the remainder when 24355 is divided by 1432.
11
Calculate the remainder when 14861 is divided by 14859.
2
What is the remainder when 625053 is divided by 48?
45
Calculate the remainder when 96654 is divided by 1124.
1114
Calculate the remainder when 1598 is divided by 312.
38
What is the remainder when 125265 is divided by 88?
41
Calculate the remainder when 515875 is divided by 33.
19
What is the remainder when 15565 is divided by 15414?
151
Calculate the remainder when 47499 is divided by 413.
4
What is the remainder when 8704 is divided by 150?
4
Calculate the remainder when 669889 is divided by 678.
25
Calculate the remainder when 49150 is divided by 16380.
10
Calculate the remainder when 123264 is divided by 2326.
2312
Calculate the remainder when 5479 is divided by 669.
127
Calculate the remainder when 48443 is divided by 2018.
11
What is the remainder when 146744 is divided by 48887?
83
Calculate the remainder when 30422 is divided by 119.
77
Calculate the remainder when 86194 is divided by 176.
130
What is the remainder when 15153 is divided by 1165?
8
What is the remainder when 104298 is divided by 175?
173
What is the remainder when 73805 is divided by 3354?
17
What is the remainder when 999 is divided by 757?
242
What is the remainder when 18380 is divided by 148?
28
Calculate the remainder when 289 is divided by 240.
49
Calculate the remainder when 5454 is divided by 171.
153
What is the remainder when 97394 is divided by 52?
50
Calculate the remainder when 411028 is divided by 126.
16
Calculate the remainder when 371709 is divided by 4.
1
Calculate the remainder when 19113 is divided by 6.
3
What is the remainder when 3915 is divided by 232?
203
Calculate the remainder when 4115 is divided by 1901.
313
Calculate the remainder when 95255 is divided by 307.
85
Calculate the remainder when 7303 is divided by 252.
247
What is the remainder when 253224 is divided by 11009?
17
Calculate the remainder when 7206 is divided by 105.
66
Calculate the remainder when 19193 is divided by 582.
569
What is the remainder when 21808 is divided by 485?
468
What is the remainder when 10962 is divided by 3643?
33
What is the remainder when 127899 is divided by 51?
42
Calculate the remainder when 111780 is divided by 12420.
0
Calculate the remainder when 195512 is divided by 2539.
9
Calculate the remainder when 154786 is divided by 593.
13
What is the remainder when 1344 is divided by 439?
27
What is the remainder when 2826 is divided by 149?
144
What is the remainder when 13037 is divided by 1019?
809
What is the remainder when 2496 is divided by 2446?
50
What is the remainder when 11404 is divided by 569?
24
Calculate the remainder when 67950 is divided by 28.
22
Calculate the remainder when 133894 is divided by 9556.
110
Calculate the remainder when 21291 is divided by 2918.
865
Calculate the remainder when 16307 is divided by 478.
55
What is the remainder when 41156 is divided by 127?
8
What is the remainder when 23818 is divided by 20?
18
Calculate the remainder when 4535 is divided by 159.
83
What is the remainder when 11276 is divided by 5630?
16
Calculate the remainder when 478278 is divided by 115.
108
What is the remainder when 14183 is divided by 229?
214
Calculate the remainder when 30094 is divided by 15035.
24
What is the remainder when 27600 is divided by 27582?
18
What is the remainder when 202999 is divided by 1005?
994
Calculate the remainder when 78894 is divided by 289.
286
Calculate the remainder when 6613 is divided by 2086.
355
Calculate the remainder when 1364 is divided by 674.
16
Calculate the remainder when 585 is divided by 35.
25
What is the remainder when 2282 is divided by 44?
38
Calculate the remainder when 133549 is divided by 674.
97
Calculate the remainder when 24478 is divided by 83.
76
What is the remainder when 2035 is divided by 355?
260
Calculate the remainder when 73500 is divided by 300.
0
Calculate the remainder when 362373 is divided by 78.
63
What is the remainder when 9640 is divided by 357?
1
Calculate the remainder when 55 is divided by 46.
9
Calculate the remainder when 16205 is divided by 1229.
228
Calculate the remainder when 13545 is divided by 47.
9
What is the remainder when 9142259 is divided by 39?
35
What is the remainder when 254606 is divided by 84867?
5
Calculate the remainder when 3650 is divided by 3566.
84
Calculate the remainder when 50882 is divided by 9.
5
Calculate the remainder when 17350 is divided by 66.
58
Calculate the remainder when 2276 is divided by 4.
0
Calculate the remainder when 36225 is divided by 134.
45
Calculate the remainder when 104493 is divided by 17.
11
Calculate the remainder when 617948 is divided by 1193.
1167
Calculate the remainder when 1962 is divided by 141.
129
What is the remainder when 10080 is divided by 388?
380
Calculate the remainder when 213558 is divided by 83.
82
What is the remainder when 4232 is divided by 110?
52
What is the remainder when 109686 is divided by 102?
36
What is the remainder when 1457699 is divided by 113?
112
Calculate the remainder when 21372 is divided by 2667.
36
Calculate the remainder when 127851 is divided by 42617.
0
Calculate the remainder when 3158024 is divided by 15.
14
Calculate the remainder when 6132 is divided by 516.
456
What is the remainder when 17694 is divided by 1745?
244
Calculate the remainder when 14098 is divided by 15.
13
Calculate the remainder when 1282 is divided by 8.
2
What is the remainder when 72047 is divided by 465?
437
What is the remainder when 13927 is divided by 14?
11
What is the remainder when 36782 is divided by 192?
110
What is the remainder when 1481 is divided by 44?
2